at is q(1)?
-10
Let o(f) = f + 9. Let v be o(-9). Let y(p) = p - 4. Give y(v).
-4
Let g be (6 - 0)/(4/2). Let h(v) = 3*v**2 + 0*v**2 - v + g - 4*v**2 - v. Give h(-5).
-12
Let l = 10 + -6. Suppose -6 = -l*q - 2*h, q + h - 24 = 5*h. Let w(n) = -n - q*n + n + 5*n + 2. Calculate w(3).
5
Let m(c) = -c**3 - 4*c**2 + 5*c - 1. Suppose 4*p + 0 = -16, 2*p - 17 = -5*z. Suppose 0 = 3*j + a + 4*a - z, -2*j = -3*a + 22. Give m(j).
-1
Let d(y) = -4*y. Let v be 3/2*(48/(-9) + 6). Calculate d(v).
-4
Suppose 0 = 5*a + 4*s - 11, -s = -5*a - 0*a - 9. Let b(t) = 12*t**3 - 2*t**2 - 2*t - 1. What is b(a)?
-13
Let l(m) = m**2 - 4*m - 1. Let y(w) = -w**3 + 4*w**2 + 4*w + 7. Let v be y(5). Let i be -4 + 2 - (-14)/v. Determine l(i).
4
Let k(o) be the third derivative of -o**4/6 - o**3/2 - 2*o**2. Calculate k(-2).
5
Let n(o) = 0*o - 3*o + 3*o - o + 2. Suppose -2*r + r + 2 = 0. Let m(a) = a**2 - 2*a + 2. Let u(h) = r*n(h) - 3*m(h). What is u(2)?
-6
Let k = 1 - 1. Let m(j) be the second derivative of -1/6*j**3 + j - 1/12*j**4 - 1/20*j**5 + j**2 + k. What is m(-2)?
8
Let l(w) be the first derivative of 2*w**2 + 8. Let v(a) = -2*a**3 - a**2. Let z be v(-1). Give l(z).
4
Let i(k) = -1 + k - 2 + 3. Let o be i(-1). Let m(g) be the first derivative of -5*g**4/4 - g**2/2 - 2. Give m(o).
6
Let p = -53 + 47. Let j(x) = -x**3 - 7*x**2 - 7*x - 7. What is j(p)?
-1
Let g(d) = d**3 + 6*d**2 - 8*d + 2. Let x = 12 + -380. Let t be (-6)/14 + x/56. Give g(t).
9
Let r(g) = 2*g**2 - 7*g + 6. Let l(f) = f**2 - f + 1. Let t = 3 - -3. Let d(z) = t*l(z) - r(z). Calculate d(1).
5
Let d be (3/(-1))/((-24)/16). Let r(i) = 8 - 4*i - 2*i**d + 2*i - 9. What is r(-2)?
-5
Let a(x) be the second derivative of -x**4/12 + x**3 + x**2 + 19*x. Determine a(7).
-5
Let i(p) = 86*p**2 - 87*p**2 - p + 4 - 24*p**3 - 4. Give i(-1).
24
Let x(q) be the third derivative of q**6/360 + q**3/6 + 2*q**2. Let v(g) be the first derivative of x(g). What is v(-2)?
4
Let j(t) = -t**2 + 2*t - 2. Let l(u) = -3*u - 1. Let w be l(1). Let x be w/(-10)*(2 + -37). Let z be 1/(-2) - 35/x. Determine j(z).
-2
Let c be -3 + 37 - 1*-2. Let o = 41 - c. Let g(a) = 5*a - 4 + 5 - 2*a - a**2. Calculate g(o).
-9
Let m(u) be the second derivative of u**4/12 + 2*u**3/3 + 36*u. Let h(r) = -r**3 + 2*r**2 - 2*r - 1. Let p be h(2). Give m(p).
5
Let b(k) = -k**3 + 4*k**2 + 2. Let f(i) be the second derivative of i**5/20 - i**4/3 - 3*i**2/2 + 3*i. Let p(q) = -5*b(q) - 4*f(q). Determine p(4).
2
Suppose -5*p + 0*b - 5*b - 10 = 0, p + 14 = -4*b. Let v be 10/15 - p/(-6). Let k(g) = 5*g**2 - 2*g + 1. Calculate k(v).
4
Let m be (-1)/(-2)*0 + 2. Let f(g) be the second derivative of g**5/20 - g**4/4 + g**3/2 - g**2 - g. Give f(m).
0
Let j be (-36)/8 - (2/(-4) - -1). Let q(f) = -f**2 - f - 3. Determine q(j).
-23
Let p(g) = -g + 2. Let l(b) = b**3 - 7*b**2 - 17*b - 5. Let a be l(9). Determine p(a).
-2
Let m(d) = 3*d + 1. Let s(a) = 3*a + 2. Let w(v) = -5*m(v) + 4*s(v). Determine w(3).
-6
Let c(x) = -x**3 + 2*x**2 + 4*x. Let f(o) = 3*o**3 - 6*o**2 - 13*o - 1. Let h(s) = -7*c(s) - 2*f(s). What is h(2)?
-2
Let y = -20 + 16. Let k(q) = -q**2 - 4*q - 3. Give k(y).
-3
Let o(q) = q**2 - 6*q + 1. Let h(i) = -i**2 - i + 2. Let s be h(-2). Suppose 0 = -5*w - s*w + 30. Calculate o(w).
1
Let g(h) = h**3 - 5*h**2 + 2*h - 4. Let q be (-18)/(-4) + 8/16. What is g(q)?
6
Let k be (-8)/3*3/(-2). Let v = -9 + k. Let g(i) = i**2 + 5*i + 1. Give g(v).
1
Let l = -17 - -15. Let j(n) = 11*n**3 + 4*n**2 - 9*n + 3. Let i(q) = 6*q**3 + 2*q**2 - 5*q + 2. Let f(y) = 7*i(y) - 4*j(y). What is f(l)?
8
Let f(n) = -5*n + 11*n - 5*n + 4. Let q(v) = -v**2 - 1. Let z be q(2). What is f(z)?
-1
Suppose -2*r + 3*r = 2. Let q be 3/(-2) + (-18)/(-4). Let u(w) = -q*w + 2*w**r + 6*w - 3*w**2 + 2. What is u(4)?
-2
Let k = 51 + -56. Let j(l) = -l**3 - 5*l**2 - 2*l - 7. Give j(k).
3
Let j(h) = -h**3 + 2*h**2 + 2*h + 2. Let q be 2/2 + (25 - 11). Let s(c) = c**2 - 3. Let f be s(3). Suppose -f*x = -x - q. Give j(x).
-1
Let j(h) = 6*h - 11*h + 8 + 12*h + h**2. Determine j(-7).
8
Let y(k) = -k**3 - 4*k**2 - 2*k - 5. Let j be (8/5)/((-2)/5). Give y(j).
3
Let o(n) = 2*n + 0*n**3 + 0*n**3 + n**3 + 0*n - 17 - n + n**2. Suppose 0 = -5*h - 0*h. Give o(h).
-17
Let m(k) = 8*k**2 + 29*k + 17. Let r(x) = -3*x**2 - 10*x - 6. Let j(y) = 4*m(y) + 11*r(y). Calculate j(7).
-5
Let v(h) = h**2 - 6. Suppose -3*m + 0 + 9 = 0. Suppose -m*t = -t. What is v(t)?
-6
Let q(f) = -f**3 + 2*f**2 + f + 1. Let x be (2 - 3) + 6 + -2. Let s be x - ((-6)/(-3) + -3). Suppose -22 + 10 = -s*j. What is q(j)?
-5
Let t(u) = 8*u. Let v(r) = r**3 + 11*r**2 - r - 9. Let s be v(-11). Give t(s).
16
Let o(v) = -8*v + 6. Suppose -2 + 5 = w. Let l(t) = 7*t - 5. Let n(s) = w*l(s) + 2*o(s). Calculate n(2).
7
Let z(t) = -t**2 + 7*t + 1. Let f(w) = w + 15. Let v(q) = -3*q - 2. Let i be v(-2). Suppose b = i*g - 29, g - 23 = 2*b - 0*b. Let d be f(b). Calculate z(d).
7
Let x(n) = -n**2 - 4*n + 1. Suppose 4 = -5*l - 4*u - 5, l - 3 = -2*u. Give x(l).
-4
Let z(v) = -v**2 - 8*v - 3. Let c be z(-7). Let m(x) = x - 14 + c*x - 4*x. Let u(i) = -2*i + 21. Let l(w) = 8*m(w) + 5*u(w). What is l(-5)?
3
Let p(d) = -2*d - 22. Let q be p(-10). Let w(l) = 0*l - 3*l + 0*l - 2. Determine w(q).
4
Let s(k) = -20*k. Let x(r) = -5*r - 36. Let t be x(-7). Give s(t).
20
Let h(t) = 38 + t + t - 36. Suppose 16 = 4*f - 5*k, 2*f = 3*k + 14 - 4. Let c be (-8)/(-10)*(f + 6). Calculate h(c).
10
Let r(l) = -l - 1. Let f = 11 - 8. Suppose w + u = 3, -5*w + 7 = f*u - 2*u. Give r(w).
-2
Let n(t) = 0*t + 2 + 0*t - t**2 - t. What is n(-3)?
-4
Let d(r) = r**3 + 3*r**2 - 2*r. Let k(v) = -v - 17. Let i be k(-13). Calculate d(i).
-8
Let k(c) = c**2 - c. Suppose -a = 4*a + 5. Calculate k(a).
2
Suppose -5*s = -10*s. Let i(d) = -d**3 + 4. Let u be i(0). Let t(w) = u + s*w + w**2 + 5*w - w. Determine t(-3).
1
Let r(c) = 2*c**3 - 2*c**2 + 2*c - 1. Let a be r(1). Let z(b) = -1 - a + 5*b - b**2 + 10 - 3. Let y be (2 + -1 + 0)*5. What is z(y)?
5
Let q(h) = -2*h + 1. Let v(w) = 2*w + 9. Let f be v(-6). Determine q(f).
7
Let u(x) = 9*x + 9. Let i(n) = 4*n + 4. Let z(h) = 7*i(h) - 3*u(h). Determine z(3).
4
Let k = 14 - 18. Let o = -6 - k. Let n(u) = -u**3 - 2*u**2 - u - 2. What is n(o)?
0
Suppose z + 4*u + 2 = -7, -4*u + 11 = -3*z. Let i(o) be the third derivative of -o**5/60 - 7*o**4/24 - o**3 + 10*o**2. What is i(z)?
4
Let s(y) = 4*y**2 - 1. Let r be s(1). Let n(i) = 2*i**3 - 3 + 3*i**r + i + 2. Let b(g) = -g**3 + 5*g**2 + 6*g + 1. Let a be b(6). What is n(a)?
5
Let u be (-3 - (-2 - 1)) + 0. Suppose 3*z - 6*z - 18 = u. Let j(m) = -m - 7. What is j(z)?
-1
Let s(t) = -t**3 + t - 10. Let v = 20 - 13. Let q(a) = a - 2. Let z be q(v). Let w = z + -5. What is s(w)?
-10
Let n(l) = 2*l + 3. Let r(o) = -6*o - 10. Let u(m) = 11*n(m) + 4*r(m). Give u(-6).
5
Let s = 14 + -13. Let r(b) = 6*b + 1. Calculate r(s).
7
Let q(p) = p**2 + 7*p - 2. Suppose 0 = -y - 5, y + y - 10 = 5*j. Determine q(j).
-14
Let c(i) = -6*i - 1. Let a(d) be the second derivative of 5*d**3/6 + d**2/2 + 3*d. Let f(p) = 5*a(p) + 4*c(p). Calculate f(-4).
-3
Let l be (156/(-182))/(6/(-28)). Let o(w) = 3*w**2 - 5*w. Determine o(l).
28
Let y(a) = -a**2 - 3*a + 20. Let z be y(-6). Let x(u) be the first derivative of 5*u**2/2 - 3*u + 1. Calculate x(z).
7
Let d(b) = -5*b**3 + 4*b**3 + 1 + 3*b**2 + 3 + 3*b**2. Suppose 0*j - 5*j + 22 = 2*z, -j = -3*z - 18. Calculate d(j).
4
Let d = 7 + -12. Let j(v) be the first derivative of 4*v + 3 + 1/3*v**3 + 5/2*v**2. Determine j(d).
4
Let q(a) = -a**2 + 3*a - 2. Let c(b) = 3*b**2 - 7*b + 4. Let k(t) = 2*c(t) + 5*q(t). Suppose -4*v - 3*u - 3 = 0, -3*v + 2*v = 3*u + 3. Calculate k(v).
-2
Let c(r) = -r**3 - 3*r**2 - 3*r - 2. Let d be 1/(0 - -1)*1*-3. Calculate c(d).
7
Let n(v) = 0*v**3 + 19 + 5*v**2 + v**3 - 6*v - 15. What is n(-6)?
4
Suppose 2*r + 4 + 0 = 0. Let i(u) = 2*u - 2*u**2 - 2*u**2 + 5*u**2 + 2. Calculate i(r).
2
Let d(u) be the second derivative of -u**3/6 - u**2 - 14*u. Determine d(2).
-4
Let d(g) be the third derivative of g**6/120 - g**5/15 + g**4/8 - g**3/2 - g**2. Give d(4).
9
Let q(m) = 1 + 2 + m - 3*m + m. Calculate q(5).
-2
Let i(h) = 2 + 17*h + 1 - 10*h - 4. Give i(1).
6
Let d(c) = 3*c + 56 + 0*c - 57 - 8*c. Let w be (1 - 0)/(-2)*-2. Determine d(w).
-6
Let v(z) = -z. Let t(l) = l**3 - 2*l**2 - 3*l + 1. Let 